13*b. What is the remainder when b is divided by c?
6
Let p = 14 + -42. Let n = p - -85. What is the remainder when n is divided by 29?
28
Let z(g) = g**2 + 5*g - 2. Suppose 4*q - 1 = 7. Suppose q*f + 2*f + 24 = 0. Calculate the remainder when 9 is divided by z(f).
1
Let s = 9 - -5. Suppose s*r - 262 - 18 = 0. What is the remainder when 38 is divided by r?
18
Let n = 209 + -173. What is the remainder when n is divided by 12?
0
Let c(d) = 2*d - 1. Let v be c(3). Suppose 2*f - v - 165 = 0. Suppose 5*b + 4*h = 2*b + f, -h = b - 29. Calculate the remainder when b is divided by 16.
15
Let s(l) = -l + 24. Let i = 46 + -28. What is the remainder when 11 is divided by s(i)?
5
Suppose -2 - 24 = -3*k - 4*y, -2*y + 8 = -k. Suppose -k*j = 4*j - 66. Calculate the remainder when 19 is divided by j.
8
Suppose 5*b = 5*t + 1205, -5*b - 627 = 4*t - 1814. Let f = b + -162. Calculate the remainder when f is divided by 39.
38
Let f be (-2)/(((-2)/4)/1). Suppose -4*n + 4 = -f. Calculate the remainder when 8 is divided by 6 - -1 - 2 - n.
2
Suppose -s + 0*s = -2*x + 5, -3*x - 3*s + 21 = 0. Suppose y + 44 = 2*u, 5*u - x*y = -0*u + 110. What is the remainder when 42 is divided by u?
20
Suppose 0*s = -5*r - 3*s + 67, -4*r = -3*s - 59. Suppose 6*l - 4*l - 72 = -5*k, -5*k = 5*l - 150. Calculate the remainder when l is divided by r.
12
Let d(s) = -s**2 - 13*s + 17. Calculate the remainder when d(-8) is divided by -1 - 3/((-6)/26).
9
Suppose -7*y = -4*y - 6. Suppose -2*d = 4*h - 166, -2*h - 249 = -3*d + y*h. Calculate the remainder when d is divided by 208/10 + 2/10.
20
Let c(a) = -2*a**3 + 113*a**2 + 55*a + 305. Let f = 90 + -58. What is the remainder when c(57) is divided by f?
31
Suppose 0 = -5*s + 87 - 12. Let v(j) = j**3 - 15*j**2 + 5*j + 27. What is the remainder when v(s) is divided by 21?
18
Suppose 0 = -32*o + 57*o - 3600. Calculate the remainder when o is divided by 52.
40
Suppose -5412 = 4*s - 37*s. What is the remainder when s is divided by 15?
14
What is the remainder when 147 is divided by 5*(2 - 84/27)*-9?
47
Suppose 1213 - 261 = 14*q. Calculate the remainder when q is divided by 27.
14
Let g = 7 + -7. Suppose -3*j - 62 - 2 = -5*m, -5*m - j + 52 = g. Calculate the remainder when 14 is divided by m.
3
Let w = -1482 - -1600. What is the remainder when w is divided by 64?
54
Suppose 0*u - u = 5*i - 135, 3*i = -u + 83. Let m = i + 15. Calculate the remainder when m is divided by (-20)/8*(-44)/5.
19
Let j(a) = -a + 8. Let x(t) = 2*t - 23. Let o(z) = -8*j(z) - 3*x(z). What is the remainder when 3 - (-2)/(-2) - (-39 + (4 - 12)) is divided by o(6)?
15
Suppose 1432 - 398 = 11*w. Calculate the remainder when w is divided by 19.
18
Let i = -38 - -89. Let l = -33 + i. Calculate the remainder when (-2)/((-6)/99 + 0) is divided by l.
15
Let g = -44 - -54. Let s = 1 + 27. Calculate the remainder when s is divided by g.
8
Suppose g + 8 = -g. Suppose -10*q - 170 = -810. Calculate the remainder when 45 is divided by (g + q/12)*9.
9
Suppose 17*u - 25*u + 1264 = 0. Calculate the remainder when u is divided by 23.
20
Let v = -9 - -9. Suppose v = -4*h + 22 - 6. Calculate the remainder when 57 is divided by (0 - -20) + -4 + h.
17
Let x(q) = 2*q**2 + 7*q - 23. Suppose 103 = d - 0*d. Calculate the remainder when d is divided by x(-7).
25
Let i = 49 - 44. Suppose -4*n + 304 = -2*h + i*h, n - 85 = -3*h. What is the remainder when n is divided by 15?
13
Let t(n) = 0*n**3 - 5 - 3*n + 0*n**2 - n**3 - 5*n**2 + 0*n**2. What is the remainder when 95 is divided by t(-6)?
46
Suppose 0 = 5*c - 27 - 18. Let z(b) = 6*b - 20. Suppose 3*w + 3*x - 20 = 5*x, w = -2*x + 4. Calculate the remainder when z(w) is divided by c.
7
Suppose 0 = -3*o + 9*o - 24. Suppose -c = 7*f - 5*f - 27, -o*f - 4*c = -60. Calculate the remainder when 43 is divided by f.
7
Calculate the remainder when 266 is divided by 20/4 + -6 + (22 - 0).
14
Suppose 0*l - 3*h + 3 = -l, 5*h - 4 = 2*l. Suppose 0*k - 5 = 5*k + 5*f, 0 = 2*k + 3*f + 6. Calculate the remainder when l is divided by k.
0
Calculate the remainder when 305 is divided by -15*(190/(-25) + 7).
8
Let k = -1 + 5. Suppose k*j - 1 = -5. Let b = j + 9. What is the remainder when b is divided by 4?
0
Let g be (0 + 1)*61 - 2. Let l = -39 + g. What is the remainder when 36 is divided by l?
16
Suppose -18*s + 186 = -30. Suppose 5*r = -0*r + 230. What is the remainder when r is divided by s?
10
Suppose 28*q - 205 = 355. Suppose 0 = -0*z + 4*z - 228. Calculate the remainder when z is divided by q.
17
Let h = -10 + 22. Suppose -4*o - 28 = -5*s, 2*s + 2*o = 4*o + 10. Suppose -3*q - 221 = -s*q + 4*l, l = 1. Calculate the remainder when q is divided by h.
9
Calculate the remainder when (122 - -1) + 13 + -7 is divided by 66.
63
Suppose -40*u - 1034 = -62*u. Calculate the remainder when 181 is divided by u.
40
Suppose 5*v - 11 = z + 2, 4*v = z + 10. Suppose 2*l + 2 - 8 = 0. Suppose -2 - 4 = -l*q. What is the remainder when q is divided by z?
0
Let c(o) = -2*o + 8. Let i(u) = -u**2 - 21*u + 3. Let s be i(-21). Let d(m) = -m**3 + 3*m**2 + 3*m + 4. Calculate the remainder when c(-13) is divided by d(s).
8
Suppose -5*b + 0*b = w + 15, -4*w = 3*b - 8. Let y(o) = 2*o**2 + 6*o + 5. Let a be y(b). Suppose 55 + a = 4*c. What is the remainder when 65 is divided by c?
14
Suppose -u = 2, -4*w + u + 188 = -94. What is the remainder when 2587 is divided by w?
67
Suppose -5*m - 135 = -w - 26, -4*m - 84 = -4*w. Let l(j) = -j**2 - 24*j - 8. What is the remainder when 66 is divided by l(m)?
30
Let t(b) = -b**3 + 8*b**2 - 7*b + 5. Let f(g) = -g**2 - 8*g - 7. Let d be (-7)/(-35) - 42/10. What is the remainder when t(6) is divided by f(d)?
8
Let h(w) = w**2 - 20*w + 16. Let u be h(11). Let j = -46 - u. What is the remainder when j is divided by 10?
7
Suppose -5*b = -a + 74, 0*b - 5 = b. Suppose -35 = -4*x + 3*q - 3, -3*x = q - 37. Suppose -x*w - 65 = -16*w. What is the remainder when a is divided by w?
10
Suppose 4*i + 0*i = g - 39, 3*g + 4*i - 181 = 0. Calculate the remainder when 108 is divided by g.
53
Let h = 1244 + -357. Calculate the remainder when h is divided by 24.
23
Suppose -g = -28*g + 3726. Calculate the remainder when g is divided by 7.
5
Let u = -1076 + 1136. What is the remainder when u is divided by 18?
6
Let z(a) = a - 2. Let b be z(-5). Let c be b/(21/(-12)) - 2. Suppose -3*q - 6 = 3*g - 51, c*g = -5*q + 39. Calculate the remainder when g is divided by 7.
5
Let s(x) = -9*x + 11. Let b be s(6). Let t = -34 - b. Calculate the remainder when 61 is divided by t.
7
Suppose 3*j + 192 - 654 = 0. Calculate the remainder when j is divided by 79.
75
Let x(p) = p**3 - 17*p**2 + 10*p + 4. Let s be x(16). Let j = s + 113. What is the remainder when 39 is divided by j?
18
Let q be 10/3*(0 - (-5 - 1)). Suppose 3*a = -2*t + 6, -4*t - 3*a + q = -a. What is the remainder when 15 is divided by t?
3
Let i(r) = r**2 + r + 52. Let p be i(0). What is the remainder when (p/10)/(6/150) is divided by 11?
9
Let u be (-682)/4 + (-1)/2. Let y = -121 - u. Let a = 122 - y. Calculate the remainder when a is divided by 25.
22
Suppose 7*t - 4*t = -o + 76, t = -4*o + 40. What is the remainder when 1197 is divided by t?
21
Let j(m) be the third derivative of -m**4/24 + 9*m**3/2 + 57*m**2. What is the remainder when j(11) is divided by -1 - 1 - (-14 - -2)?
6
What is the remainder when 236 is divided by ((-6)/(-12))/((-8)/(-48)) - -22?
11
Let x(l) = -l**3 - l**2 - l + 1. Let t be x(1). Let d be 1/2 + (-31)/t. Let z = d - 12. Calculate the remainder when 7 is divided by z.
3
Suppose -352 = -3*v - m - m, 0 = v - 2*m - 104. Suppose -3*t = -63 - v. What is the remainder when t is divided by 10?
9
Let t = -468 + 499. Calculate the remainder when 81 is divided by t.
19
Let c(b) = -b**3 + 9*b**2 - 2*b + 29. Calculate the remainder when 51 is divided by c(9).
7
Let l = 2071 - 3151. Let b(g) = -g**3 + 6*g**2 - 3*g + 4. Calculate the remainder when (2/(-3))/(18/l) is divided by b(5).
12
Let g = 75 - 47. Let i = g + -17. What is the remainder when 52 is divided by i?
8
Let t = -13 + 11. Let x be ((-10)/(-15))/(t/(-93)). Suppose 2*c - 4*w - 18 = 0, -5*w = 5*c - w - x. What is the remainder when 26 is divided by c?
5
Let c = -307 + 411. What is the remainder when c is divided by 21?
20
Suppose -9*b + 15*b - 258 = 0. Suppose 4*x = -5*